 What is the units digit of i?
2
Let m(n) = 156*n + 22. Let s be m(-3). Let k = 1006 + s. What is the tens digit of k?
6
Let g(p) = 162*p - 6. Let m(y) = -163*y + 5. Let o = -30 + 28. Let z(i) = o*g(i) - 3*m(i). What is the tens digit of z(1)?
6
Let g(y) be the first derivative of 9*y**5/2 + y**4/12 + y**3/2 - y**2 + 14*y + 4. Let i(s) be the first derivative of g(s). What is the units digit of i(1)?
2
Let l(v) = -77*v**3 - 7*v**2 - 10. What is the thousands digit of l(-5)?
9
What is the hundreds digit of (-16)/2 - 199/((-7184)/1792 - -4)?
2
Suppose 15*z = 3*z + 36. Suppose 2892 = 3*b - z*x, -1632 = -2*b + 3*x + 298. What is the units digit of b?
2
Let w = 8 + -5. Suppose 196*l + 220 = 206*l. Suppose k - w*k = -l. What is the units digit of k?
1
Suppose 76 + 281 = 3*o. Let z = o - 120. What is the hundreds digit of 1*(-4 + 140 - 3 - z)?
1
Let i be (-18)/(-5*(-4)/50). Let z = i + 25. What is the units digit of ((-9)/(-5))/((-4)/z)?
9
Suppose -2 + 20 = 3*t. Suppose 8*g - 1314 = t*g. What is the tens digit of g?
5
Let s be (-16)/(-10 + 6) + 372. Let x = s + -258. What is the tens digit of x?
1
Let m(o) = o**3 - 27*o**2 + 33*o + 670. What is the thousands digit of m(35)?
1
Let y(a) = -a**3 + 7*a**2 + 10*a + 3. Suppose z - 2*b - 10 = -0*b, -2*b = 0. Suppose -5*u + z*u = 35. What is the tens digit of y(u)?
7
Let w(s) = s**3 - 4*s**2 - 30*s + 5. Let f be w(8). Suppose -f*g + 17*g + 228 = 0. Suppose 3*r - g - 15 = 0. What is the tens digit of r?
2
Let j be (-7)/((1 - 0)/1). Let b(h) be the second derivative of -3*h**3/2 + 9*h**2/2 - 15*h + 1. What is the units digit of b(j)?
2
Let d(v) = 3*v**2 - v - 5. Let f(h) = h**2 - h - 15. Let g be f(5). Suppose 4*y - 2*c - 3*c - 31 = 0, 0 = -g*c - 15. What is the tens digit of d(y)?
3
Suppose -5*a = -4*a. Suppose -r + a = -3*g + 3, 4*g + 5*r - 23 = 0. Suppose -4*c = -c + 5*m - 137, -5*c + 249 = -g*m. What is the units digit of c?
9
Let j = 361 + -809. What is the tens digit of (4 - j/21)/(1/24)?
0
Suppose -2*x - 18 = -4*d, -2*d - 60*x + 21 = -57*x. Let m(p) = 247*p + 174. What is the hundreds digit of m(d)?
6
Suppose 2*m = -3*m - 5*b + 15, 2*m = 5*b - 8. Suppose 4*r - 11 = m. Suppose w = -r*f + 197 + 19, -w - 281 = -4*f. What is the units digit of f?
1
Suppose b = 3*g + 31, 10 = 3*g - 8*g. Let u = -11 + b. Let p(d) = d**2 - 8*d + 28. What is the tens digit of p(u)?
1
Let o(d) = 3*d + 119. Let a be o(-39). Suppose a*h - 27*h + 21325 = 0. What is the units digit of h?
3
Let d(p) = 7*p**2 - 152*p - 40. Let k be d(22). Let s(l) = 26*l**3 + 3*l**2 + 4*l - 3. Let j be s(3). Suppose k*q = -178 + j. What is the tens digit of q?
4
Let h(p) be the third derivative of -247*p**5/60 + p**4/24 + p**3/3 - 14*p**2. Let g be h(-1). Let t = -117 - g. What is the tens digit of t?
2
Suppose -58*o + 584370 = -7*o - 8*o. What is the hundreds digit of o?
5
Let x(k) = -67*k - 26. Let o be x(-8). Suppose -44*d + 46*d = o. Suppose d = 8*t - 289. What is the tens digit of t?
6
Suppose 415 = -j + 5*q, -2*j - 2*q - 778 = q. Let p = -26 - j. What is the hundreds digit of p?
3
Let f(k) = 9*k**3 + 60*k**2 - 9*k + 11. What is the hundreds digit of f(-6)?
2
Let i(f) = 2*f**3 + 27*f**2 - 9*f - 44. Let z = 226 + -238. What is the hundreds digit of i(z)?
4
Suppose -4879 = -38*a + 31*a. Let z = a + -34. What is the units digit of z?
3
Let p(j) = 64*j - 172. Suppose 0 = 4*f - 20, 7*f = -3*d + 4*f + 57. What is the units digit of p(d)?
4
Let i = -207 + 271. Suppose -i*s + 2688 = -60*s. What is the hundreds digit of s?
6
Suppose 11*x + 2461 = 16475. Suppose 4*u - 3*l = 1699, 3*u - 6*u = -2*l - x. What is the units digit of u?
4
Let b be ((-3)/1)/(-3) + 0. Let r be (6/(-12))/(b/(-832)). Suppose 343 = 3*a - 0*y + 4*y, -5*y = -4*a + r. What is the units digit of a?
9
Suppose 141*r - 1799605 + 470257 = 0. What is the thousands digit of r?
9
Let a = -103 - -855. Let q = 1638 - a. What is the units digit of q?
6
Suppose 433302 + 531457 = 62*r + 162293. What is the thousands digit of r?
2
Let r(b) = 3*b**3 - 12*b**2 + 13*b - 10. Let p(d) = -20*d - 153. Let c be p(-8). What is the tens digit of r(c)?
2
What is the units digit of (-429 + -8 - 8)/((-2)/4)?
0
Let j(m) = 11*m**2 - 50*m + 1369. What is the ten thousands digit of j(45)?
2
Let i(c) = -c**3 - 8*c**2 + 15. Let p be i(-13). Suppose 26 = 3*q - 2*d - 7, -5*d = -2*q + 33. Suppose q*v - p = -v. What is the tens digit of v?
8
Suppose -x + 6327 = 2*n, 4*x + 3186 = -15*n + 16*n. What is the thousands digit of n?
3
Let y = 22003 - 10691. What is the ten thousands digit of y?
1
Let l(m) = m**3 + 13*m**2 - 18*m - 34. Let r be l(-14). Suppose -2478 = -r*k + 15*k. What is the tens digit of k?
5
Suppose -624 = -v + 67. Let p = v - 279. What is the units digit of p?
2
Suppose 0 = -12*j + 15*j + z - 15, 5*j - 25 = 3*z. Suppose -1057 - 2268 = -j*b. What is the units digit of b?
5
Let l be (4 + 1 + -6)/(6/(-18)). Suppose -886 = -l*o - 67. What is the tens digit of o?
7
Suppose -l = 4 - 9, v - 5*l + 53 = 0. Let r be (21/v)/((-3)/24). Suppose -r*t = -305 + 17. What is the tens digit of t?
4
Let o(u) = -9*u**2 - 13*u + 1. Let z be o(-5). Let p = -135 - z. What is the units digit of p?
4
Let k(c) = -13*c - 75. Let v be k(-6). Let a be 2 + v - (-277 + 2). Suppose 44*q - a = 43*q. What is the units digit of q?
0
Let u = -24162 - -34643. What is the ten thousands digit of u?
1
Suppose 60 = 9*w - 30. What is the units digit of (-3094)/(-6) - -1 - w/15?
6
Suppose 3*m = 2*r + 6600, -3*m + 11000 = 2*m + 2*r. Suppose 3*b = -4*f + m, b - 4*f - 261 = 451. What is the tens digit of b?
2
Let n = 907 + -1650. Let c = 101 - n. Suppose 5*k - c = 4*w, -5*k = -w - 937 + 96. What is the units digit of k?
8
Let p(h) = 10353*h - 711. What is the ten thousands digit of p(8)?
8
Let c = 133 + -128. Suppose -6*t = -c*w - 4*t + 682, -w - 5*t = -131. What is the tens digit of w?
3
Let l = -36043 - -54662. What is the hundreds digit of l?
6
Let s(x) = 4*x**2 - 6*x + 2. Let q be s(7). Suppose 4*w - 10*t + 6*t = q, -31 = -w - t. What is the tens digit of w?
3
Suppose z + z = 0. Suppose -4*t = 5*a + 13, -3 + z = 4*t + 3*a. Suppose -2*u + 3*w - w + 192 = 0, -t*u - 2*w = -298. What is the tens digit of u?
9
Let k(c) = -7*c + 1. Let m be (42/(-18))/(4/(-12)). Suppose -l - 13 - m = 4*f, 20 = -3*l - 2*f. What is the tens digit of k(l)?
2
Let u = -854 - -1685. Suppose 5*n - 922 = -m + 435, -5*m = -3*n + u. Suppose 3*t - n = -68. What is the units digit of t?
8
What is the thousands digit of (-75)/(-13 - -8) + 46009?
6
Suppose 0 = 5*d + 3*y - 624, 244 = 2*d - 0*y + 4*y. Let q(u) = -u - 11. Let t be q(-15). Suppose t*s = 1202 - d. What is the units digit of s?
9
What is the tens digit of (-1232850)/(-165) + 14/77?
7
Let k(q) = -q**2 - 40*q - 78. Let b be k(-38). Suppose -f + 16 = -5*f. What is the units digit of 1 + (f - b) - -5?
4
Let b = 273 - 273. Suppose b = -0*j - 4*j - 2*t + 3068, 3092 = 4*j - 4*t. What is the units digit of j?
9
Suppose -5004 = -3*s + 4*h, -2*s - h = -6*s + 6685. Suppose -5*u - s = -16*t + 13*t, 2*t = -2*u + 1120. What is the units digit of t?
9
Suppose 1827*n + 489186 = 1854*n. What is the ten thousands digit of n?
1
Let i = -27 - -39. Let g = -11 + i. What is the tens digit of (4 + -1)*g + 69?
7
Let q = 291 - 4. Suppose 0 = 5*l + 62 - q. What is the units digit of l?
5
Let g = -9811 - -17249. What is the units digit of g?
8
Suppose -22932 = -30*v + 27*v - 5*h, -4*h = 12. What is the hundreds digit of v?
6
Let k = 53 + 46. Suppose -k*l = -82*l - 23205. What is the tens digit of l?
6
Suppose 44*f - 43*f = 3. Let h(d) = 33*d**2 - 16*d + 37. What is the units digit of h(f)?
6
Suppose -159*v - 20 = -163*v. Suppose 0 = 2*p - 5*y - 964, -y = -10*p + v*p + 2387. What is the tens digit of p?
7
Let i = -33 + 128. Suppose 90*g + 1880 = i*g. What is the hundreds digit of g?
3
Let l = 31 - -5. What is the units digit of (l/(-10) - 0)/(85/(-8075))?
2
Suppose -108 = -2*a + 9*u - 5*u, 0 = -3*a - u + 183. Suppose 6*k - 3*k - a = 0. What is the tens digit of k?
2
Suppose 0 = -5*o + 11*o - 6. Let v(u) = -u**2 - 1. Let w(a) = -4*a**2 + 9*a. Let c(m) = o*v(m) - w(m). What is the hundreds digit of c(9)?
1
Let p(k) = 22*k - 23. Suppose 2*q - 26 = 16. Suppose -4*h = -57 + q. What is the tens digit of p(h)?
7
Let f be -3 + (-5 - 273/3). What is the tens 